{"id":65,"date":"2021-05-07T09:57:02","date_gmt":"2021-05-07T07:57:02","guid":{"rendered":"https:\/\/detbareos.dk\/?page_id=65"},"modified":"2025-07-08T10:15:22","modified_gmt":"2025-07-08T08:15:22","slug":"henrik-paarup-nielsen","status":"publish","type":"page","link":"https:\/\/detbareos.dk\/?page_id=65","title":{"rendered":"Henrik Paarup-Nielsen"},"content":{"rendered":"\n<p>Henrik Paarup-Nielsen er trommeslager og kor i duoen &#8220;Det&#8217; bare Os&#8221;.<\/p>\n\n\n\n<p>Han er 55 \u00e5r gammel, og i Assens, hvor han bl.a. bruger noget af sin fritid p\u00e5 forskellige husprojekter.<\/p>\n\n\n\n<p>Som det yngste medlem af duoen, er Henrik en &#8216;\u00e5rsunge&#8217;, hvilket han sj\u00e6ldent lader g\u00e5 ubem\u00e6rket hen.<\/p>\n\n\n\n<p><\/p>\n\n\n<div class=\"wp-block-image\">\n<figure class=\"aligncenter size-large\"><img loading=\"lazy\" decoding=\"async\" width=\"768\" height=\"1024\" src=\"https:\/\/detbareos.dk\/wp-content\/uploads\/2021\/05\/PSX_20210514_113754-768x1024.jpg\" alt=\"\" class=\"wp-image-83\" srcset=\"https:\/\/detbareos.dk\/wp-content\/uploads\/2021\/05\/PSX_20210514_113754-768x1024.jpg 768w, https:\/\/detbareos.dk\/wp-content\/uploads\/2021\/05\/PSX_20210514_113754-225x300.jpg 225w, https:\/\/detbareos.dk\/wp-content\/uploads\/2021\/05\/PSX_20210514_113754-1152x1536.jpg 1152w, https:\/\/detbareos.dk\/wp-content\/uploads\/2021\/05\/PSX_20210514_113754-495x660.jpg 495w, https:\/\/detbareos.dk\/wp-content\/uploads\/2021\/05\/PSX_20210514_113754-606x808.jpg 606w, https:\/\/detbareos.dk\/wp-content\/uploads\/2021\/05\/PSX_20210514_113754.jpg 1536w\" sizes=\"auto, (max-width: 768px) 100vw, 768px\" \/><\/figure><\/div>\n\n\n<h3 class=\"wp-block-heading\">Musikerfaring<\/h3>\n\n\n\n<p><br>Ud over at bruge sin tid p\u00e5 sit job, hus og have, har Henrik Paarup-Nielsen mange \u00e5rs erfaring inden for musik, hvor genrene sp\u00e6nder lige fra Assens Bakkepiger, harmoniorkester, jazzband, dansemusik og 60&#8217;ermusik.<\/p>\n\n\n\n<p>Henrik elsker at komme ud at spille, og m\u00e6rke publikum genkende alle de gode og velkendte numre som de spiller i Det&#8217; bare Os.<br><\/p>\n\n\n\n<p>Du kan m\u00f8de den anden halvdel af duoen, <a href=\"https:\/\/detbareos.dk\/?page_id=62\" data-type=\"page\" data-id=\"62\">Bjarne Toft Hansen, lige her.<\/a><\/p>\n","protected":false},"excerpt":{"rendered":"<p>Henrik Paarup-Nielsen er trommeslager og kor i duoen &#8220;Det&#8217; bare Os&#8221;. Han er 55 \u00e5r gammel, og i Assens, hvor &hellip; <a href=\"https:\/\/detbareos.dk\/?page_id=65\" class=\"more-link\"><span class=\"more-button\">Continue Reading<span class=\"screen-reader-text\">Henrik Paarup-Nielsen<\/span><\/span><\/a><\/p>\n","protected":false},"author":1,"featured_media":0,"parent":0,"menu_order":0,"comment_status":"closed","ping_status":"closed","template":"","meta":{"_monsterinsights_skip_tracking":false,"_monsterinsights_sitenote_active":false,"_monsterinsights_sitenote_note":"","_monsterinsights_sitenote_category":0,"footnotes":""},"class_list":["post-65","page","type-page","status-publish","hentry"],"_links":{"self":[{"href":"https:\/\/detbareos.dk\/index.php?rest_route=\/wp\/v2\/pages\/65","targetHints":{"allow":["GET"]}}],"collection":[{"href":"https:\/\/detbareos.dk\/index.php?rest_route=\/wp\/v2\/pages"}],"about":[{"href":"https:\/\/detbareos.dk\/index.php?rest_route=\/wp\/v2\/types\/page"}],"author":[{"embeddable":true,"href":"https:\/\/detbareos.dk\/index.php?rest_route=\/wp\/v2\/users\/1"}],"replies":[{"embeddable":true,"href":"https:\/\/detbareos.dk\/index.php?rest_route=%2Fwp%2Fv2%2Fcomments&post=65"}],"version-history":[{"count":8,"href":"https:\/\/detbareos.dk\/index.php?rest_route=\/wp\/v2\/pages\/65\/revisions"}],"predecessor-version":[{"id":272,"href":"https:\/\/detbareos.dk\/index.php?rest_route=\/wp\/v2\/pages\/65\/revisions\/272"}],"wp:attachment":[{"href":"https:\/\/detbareos.dk\/index.php?rest_route=%2Fwp%2Fv2%2Fmedia&parent=65"}],"curies":[{"name":"wp","href":"https:\/\/api.w.org\/{rel}","templated":true}]}}